 + l + 45 = 0. Calculate the greatest common factor of h and 25.
5
Let i(s) = s**3 - s**2 + 5*s + 9. Let v be i(4). What is the highest common factor of 11 and v?
11
Suppose 0*c = -2*c - 74. Let j = c + 67. What is the highest common divisor of j and 20?
10
Let i = -2 + 2. Let w(t) = t**2 + 36. Let m be w(i). Let n be 48/(-9)*(-18)/4. What is the highest common divisor of m and n?
12
Let c be 14*(5 + -4) - 4. What is the highest common factor of c and 40?
10
Suppose -3*v = -0*v - 396. What is the highest common factor of 12 and v?
12
Let z(d) = 2 - 1 + d**3 + 5*d**2 - 4*d**2 - 5*d**2 + 2*d. Let b be z(3). Let p be (-42)/b*(0 + 1). Calculate the greatest common factor of 84 and p.
21
Let h be -2 + 4 + (2 - -10). Let a = -3 + h. What is the highest common factor of a and 33?
11
Suppose 3*h - 3*n - n - 111 = 0, 3*h = -5*n + 84. Calculate the greatest common divisor of 3 and h.
3
Let v = -14 + 18. Suppose 2*g + 4*t = -t + 63, 200 = 5*g + v*t. Let u be (0 - 4/6)*-6. What is the highest common factor of u and g?
4
Let t(k) = 4*k**2 + 3*k - 1. Let z be t(3). Suppose -3*u = -1 - 35. Suppose -3*v + 0*v = -u. Calculate the highest common divisor of v and z.
4
Let h be 3/12 + 1169/28. Calculate the highest common divisor of h and 210.
42
Suppose -4*p = -5*d + 4*d - 6, -p = -5. Suppose 5*o = 8*o - 24. Let a be o/(-12) - 592/(-6). What is the greatest common divisor of d and a?
14
Let l(z) = 9*z**2 + 12*z + 27. Let a be l(-5). Calculate the highest common divisor of a and 6.
6
Let s = -12 - -20. Suppose -s = -g - g. What is the highest common divisor of g and 1?
1
Let s = 146 - 104. Let z be 1/(-2*(-1)/12). Calculate the highest common divisor of s and z.
6
Let r be (16 + -2)/((-3)/(-9)). Let q be 0/(-1 + (0 - 0)). Let t(d) = -d**3 + d**2 - d + 7. Let s be t(q). What is the greatest common divisor of s and r?
7
Let z(h) = -h + 13. Let s be z(0). Let l be (-4 - -3)*(1 - 51). Suppose -p + l + 43 = -2*c, 3*p - c - 274 = 0. Calculate the highest common factor of s and p.
13
Let j = 3 + 0. Let p = 1 + j. Let x be (p/(-12))/(2/(-6)). What is the greatest common divisor of x and 3?
1
Suppose -5*t - 73 = -233. What is the greatest common divisor of t and 16?
16
Suppose u - 195 = -2*u. Let q = -13 + 26. What is the highest common divisor of u and q?
13
Let w(z) = -z**2 - 7*z - 1. Let j be w(-3). Let f = 45 - j. Let x be (-922)/(-18) + 2/(-9). Calculate the highest common factor of x and f.
17
Let j = 33 - 19. What is the highest common divisor of j and 35?
7
Let z(g) = 4*g**3 + 1 - 3*g**2 - g**3 - 2*g**3 - 4*g. Let j be z(5). Suppose 5*q - 144 = j. Calculate the greatest common factor of 14 and q.
7
Suppose -5*g = -6 + 11. Let r = g - -6. Suppose 21 = r*q - 4. Calculate the highest common divisor of q and 10.
5
Let w be 10/4*(-264)/(-55). What is the greatest common factor of w and 108?
12
Suppose 4*v - m - 157 = -6*m, 1 = m. Let p be (v/8)/((-3)/(-12)). Calculate the greatest common divisor of p and 209.
19
Let o = -9 + 11. Let i = -111 + 78. Let r be (i + -2)*o/(-5). Calculate the highest common divisor of r and 2.
2
Suppose 8*k + 2*n - 62 = 3*k, -n - 11 = -k. Let w = 2 + 4. What is the greatest common divisor of w and k?
6
Let p = -22 + 26. Calculate the highest common divisor of 44 and p.
4
Let w = -47 + 52. Calculate the greatest common factor of w and 45.
5
Let m = 76 - 54. What is the greatest common divisor of 44 and m?
22
Let b = 14 - 3. What is the highest common divisor of 11 and b?
11
Let l be (0 - -1) + -1 + -6. Let t = l + -8. Let z be (-116)/(-14) - (-4)/t. Calculate the greatest common factor of z and 16.
8
Let z = -45 - -50. Suppose 3*t = -t + 4*n + 40, 3*t - n = 30. What is the highest common factor of z and t?
5
Let j be (16 + -15)*32/2. Suppose -12*p - 72 = -15*p. What is the greatest common divisor of j and p?
8
Let q(x) = -3*x + 14. Let a be q(-9). What is the highest common divisor of a and 123?
41
Let c(b) = 22*b. Let a be c(22). Calculate the greatest common factor of 44 and a.
44
Suppose 14*k = 9*k + 140. Calculate the highest common factor of 21 and k.
7
Let p = 112 + -110. What is the greatest common factor of 2 and p?
2
Suppose 4*a + 24 = k, -3*k - 3*a + 8*a = -58. What is the greatest common divisor of 80 and k?
16
Let f be (-1)/3 + (-237)/(-9). Let z = 38 + f. Let r = 0 + z. What is the highest common factor of r and 8?
8
Let s be 26*2/4 - 3/1. What is the highest common divisor of s and 30?
10
Let d be (3/2)/(3/(-4)). Let n = d + 2. Suppose n = -4*q + 571 + 113. Calculate the greatest common divisor of 19 and q.
19
Let h = -1 - -12. Let q = h - 21. Let y = 8 - q. What is the highest common divisor of 27 and y?
9
Let y = 222 - -9. Calculate the greatest common factor of y and 21.
21
Suppose -m + 2*g + 1 = 3, -3*g = 2*m - 17. Suppose -m = -0*n - 2*n. Suppose k = -0*x - x + 174, n = -x. Calculate the highest common divisor of k and 16.
16
Suppose 5 = -5*k, 2*g - 7*k + 3*k - 132 = 0. Let s(c) = -c**2 + 7*c - 2. Let r be s(5). Calculate the highest common factor of g and r.
8
Suppose c - 3*x + 20 = 0, -2*c - 23 = 2*x + 1. Let r = -10 - c. Calculate the greatest common divisor of 28 and r.
4
Let u = -48 - -84. What is the greatest common divisor of u and 252?
36
Let c = 17 - 13. Suppose 2*n + 2*n = c*j - 48, -12 = -j - n. Let f be 48 + 1/(-1)*0. What is the greatest common factor of j and f?
12
Let y(j) = -10*j**3 + j + 2. Let f(i) = -i - 1. Let c be f(1). Let d be y(c). What is the highest common divisor of 10 and d?
10
Let z(a) = a**2 - a - 4. Let s be z(0). Let m = 6 + s. Let b be 1*7/(m - 1). Calculate the highest common factor of b and 56.
7
Let b = -2 + 3. Let c = b - -6. Calculate the greatest common divisor of 21 and c.
7
Suppose -8*p + 192 - 48 = 0. What is the highest common divisor of p and 90?
18
Suppose -2 = 3*p - 35. Calculate the greatest common factor of 11 and p.
11
Suppose 4*g + w - 26 = 0, 5*g - 27 - 5 = -w. What is the highest common divisor of g and 2?
2
Suppose -5 + 0 = -f. Suppose 0 = l + 5, 2*l = -f*h - l + 5. Calculate the highest common divisor of h and 2.
2
Suppose -s - 12 = -4*s. Suppose -6*v + 183 + 81 = 0. What is the highest common factor of s and v?
4
Let n = 154 + -114. What is the highest common factor of n and 60?
20
Let q be 1018/(-6) + (-4)/(-6). Let t = -121 - q. Suppose 0*v - 3*v + 3*u + t = 0, -5*v + 4*u = -78. What is the highest common factor of v and 14?
14
Let s = -5 + 41. Suppose -49 + 13 = -2*z. Calculate the greatest common divisor of s and z.
18
Let a be (-12)/(-4)*(-2)/(-3). Let y be (-2 + 9)/(a/34). What is the highest common factor of y and 17?
17
Suppose 2*b + 35 = 3*b - 2*k, 58 = 2*b - k. Calculate the greatest common factor of b and 18.
9
Let u = -1 - -6. Suppose -4*j = -3*l - 20, 2*l = j - 5 - u. What is the highest common factor of j and 18?
2
Let h be -3*1 - (-7)/((-28)/80). Let b be 47/(-3) - (-6)/9. Let z = b - h. What is the highest common divisor of z and 8?
8
Suppose a - 5 = 0, 119 = 5*l - 3*l + 5*a. Let b be (-1 - l)/((-4)/10). Let w be (-1)/(1/5)*-3. What is the greatest common divisor of b and w?
15
Suppose 41 = y - 9. Let f = 18 - 8. Calculate the greatest common divisor of y and f.
10
Suppose -2*d + d = 3*c - 17, 5*c - 23 = -3*d. Calculate the greatest common divisor of 119 and c.
7
Suppose -4*y = 5*y - 252. What is the greatest common factor of 4 and y?
4
Let i be (-2)/(-8) - (-446)/8. Let l be (i - 1)*(-4)/(-5). Let t be ((-1)/(-2))/(2/l). What is the greatest common divisor of 77 and t?
11
Suppose 3*h + h - 16 = 0, 5*h - 68 = -4*x. Calculate the highest common divisor of x and 48.
12
Suppose -4*y = -5*y + 7. Calculate the greatest common factor of 35 and y.
7
Suppose 105 = j + 35. Calculate the greatest common factor of 35 and j.
35
Let m be 996/10 - 15/25. Let i(c) = 2*c + 3. Let g be i(3). Calculate the highest common divisor of g and m.
9
Let t(c) = -3*c - 2. Let a(i) = -4*i - 3. Let z(h) = 2*a(h) - 3*t(h). Let l be z(4). Let o be (2 + 1 + -2)*l. What is the greatest common divisor of 12 and o?
4
Suppose 0 + 3 = b, -5*d = 5*b - 195. What is the greatest common factor of 9 and d?
9
Let b = -26 - -7. Let r = b + 23. What is the greatest common divisor of r and 2?
2
Suppose -6*v + 12 = -2*v. Suppose -x + 0*c = -c - 6, -5*c = v*x - 18. Suppose -3*i = -x - 3. What is 